5 a factor of 75423825?
True
Is 512 a factor of 264858112?
True
Is 10 a factor of 48290900?
True
Does 5 divide 209979476?
False
Is 1333 a factor of 26681328?
True
Is 169699489 a multiple of 9?
False
Is 1221295964 a multiple of 13?
False
Is 310 a factor of 28147070?
True
Is 1038 a factor of 310241592?
True
Does 14 divide 241680950?
True
Is 31 a factor of 464163?
True
Is 1347767012 a multiple of 251?
False
Does 1672 divide 945910493?
False
Is 96 a factor of 70248288?
True
Is 90 a factor of 1335357979?
False
Is 1898 a factor of 83875382?
False
Is 88779110 a multiple of 70?
True
Is 234 a factor of 484911414?
True
Is 171 a factor of 838301685?
False
Does 7 divide 415414343?
False
Is 47 a factor of 250124832?
False
Is 4 a factor of 1385568?
True
Is 9 a factor of 2900369?
False
Is 18109216 a multiple of 17?
True
Is 430480278 a multiple of 2545?
False
Is 2593347388 a multiple of 346?
False
Is 20 a factor of 4339545960?
True
Is 8199213 a multiple of 34?
False
Is 816665328 a multiple of 8?
True
Is 46115116 a multiple of 171?
False
Does 37 divide 7283893?
False
Is 4615 a factor of 3252332007?
False
Does 239 divide 14052052?
False
Is 21 a factor of 1621219850?
False
Is 240340399 a multiple of 103?
False
Is 769327390 a multiple of 26?
True
Does 39 divide 67362024?
False
Is 96 a factor of 571357289?
False
Does 2616 divide 2700302301?
False
Does 7 divide 14239183?
True
Is 284 a factor of 154888863?
False
Is 3490340 a multiple of 214?
True
Is 547 a factor of 158920734?
False
Is 651 a factor of 23363088?
True
Is 72 a factor of 74918192?
False
Is 6456340115 a multiple of 33?
False
Does 1757 divide 2996143577?
True
Is 42653323 a multiple of 290?
False
Is 279697385 a multiple of 1045?
True
Does 325 divide 769541175?
True
Does 82 divide 22027847?
False
Is 1512891939 a multiple of 7059?
True
Is 71 a factor of 95557338?
True
Does 258 divide 592388382?
True
Does 19 divide 4384429980?
False
Is 19636866 a multiple of 881?
False
Does 1696 divide 40642944?
True
Does 482 divide 1262802?
False
Is 293775837 a multiple of 900?
False
Is 862980781 a multiple of 176?
False
Is 4 a factor of 89203982?
False
Is 826398460 a multiple of 2515?
False
Is 7180821561 a multiple of 547?
False
Is 1206 a factor of 7877638?
False
Is 1038528 a multiple of 192?
True
Is 96485343 a multiple of 1117?
True
Does 92 divide 529781?
False
Is 754 a factor of 13475488?
True
Is 3932245 a multiple of 20?
False
Is 170 a factor of 269195867?
False
Is 25 a factor of 503052713?
False
Is 1009052 a multiple of 323?
True
Is 559 a factor of 731235167?
True
Does 3 divide 1106108?
False
Does 4 divide 6406975?
False
Is 391251 a multiple of 217?
True
Is 1597299327 a multiple of 23?
False
Is 271 a factor of 261483375?
False
Is 19814355 a multiple of 363?
True
Does 21 divide 194977116?
False
Does 971 divide 557746284?
True
Is 171071665 a multiple of 297?
False
Is 35691250 a multiple of 319?
False
Is 424265042 a multiple of 4134?
False
Is 9386515 a multiple of 5?
True
Is 1074 a factor of 186072648?
True
Is 1013 a factor of 75958215?
False
Is 49670356 a multiple of 153?
False
Does 4113 divide 118781420?
False
Is 513824730 a multiple of 5?
True
Does 575 divide 211922575?
True
Is 72 a factor of 3355987?
False
Is 87028740 a multiple of 286?
False
Is 18 a factor of 824508?
True
Is 9160320 a multiple of 128?
True
Does 485 divide 773356750?
True
Is 58 a factor of 130461741?
False
Is 80 a factor of 6551234?
False
Does 19 divide 1449393069?
False
Does 6 divide 4473608?
False
Is 130 a factor of 3288294100?
True
Does 213 divide 349151272?
False
Does 20 divide 320172480?
True
Does 1770 divide 41811621?
False
Is 1163018 a multiple of 28?
False
Is 145776904 a multiple of 52?
True
Is 735 a factor of 61210065?
True
Is 102264192 a multiple of 759?
False
Is 19 a factor of 165163048?
True
Is 15 a factor of 27863295?
True
Is 741275247 a multiple of 117?
False
Is 39053278 a multiple of 455?
False
Is 2498720 a multiple of 35?
True
Does 25 divide 130959690?
False
Is 36 a factor of 108570420?
True
Does 275 divide 690316074?
False
Is 614577540 a multiple of 2305?
True
Is 22785150 a multiple of 15?
True
Is 1555385139 a multiple of 3537?
True
Is 2731461265 a multiple of 2279?
True
Does 31 divide 9889558?
True
Does 214 divide 163743170?
True
Is 93 a factor of 620643073?
False
Is 37 a factor of 59765019?
False
Does 240 divide 15809040?
True
Is 96 a factor of 76819973?
False
Does 25 divide 31993776?
False
Is 6495 a factor of 1583626740?
False
Does 24 divide 252793824?
True
Is 29 a factor of 1832051999?
False
Is 1223523312 a multiple of 452?
False
Is 9 a factor of 2105282906?
False
Is 71 a factor of 16596605?
True
Is 530 a factor of 29013708?
False
Is 1138 a factor of 372143652?
False
Is 2463 a factor of 1218803235?
True
Does 217 divide 6843482610?
False
Does 47 divide 70355569?
True
Does 12 divide 232919964?
True
Is 88291942 a multiple of 6?
False
Is 69489772 a multiple of 1083?
False
Is 13 a factor of 203796351?
False
Does 426 divide 308067208?
False
Does 896 divide 2251017147?
False
Is 135103379 a multiple of 18?
False
Does 1067 divide 168674561?
True
Does 310 divide 1331580851?
False
Is 393 a factor of 1516947297?
False
Does 7 divide 195369356?
True
Is 2182 a factor of 640844672?
True
Is 5007 a factor of 1890622751?
False
Does 6 divide 1570880?
False
Is 40005020 a multiple of 121?
True
Does 164 divide 895178092?
True
Is 56701728 a multiple of 2088?
True
Is 66735672 a multiple of 134?
False
Is 2356543235 a multiple of 7?
False
Is 16048205 a multiple of 5?
True
Is 229 a factor of 11052634?
False
Is 738527381 a multiple of 2062?
False
Is 50459992 a multiple of 22?
True
Is 65201838 a multiple of 1033?
False
Does 837 divide 273000105?
True
Is 937037012 a multiple of 51?
False
Does 1702 divide 24718146?
True
Is 137540446 a multiple of 1825?
False
Does 174 divide 13427645?
False
Is 2512109764 a multiple of 1738?
False
Is 789283628 a multiple of 158?
True
Is 934 a factor of 241615885?
False
Is 30 a factor of 3191760?
True
Is 65 a factor of 26669181?
False
Is 2168149 a multiple of 615?
False
Is 938 a factor of 28456533?
False
Is 2839084608 a multiple of 5687?
False
Is 11 a factor of 3039432550?
True
Is 20 a factor of 14768720?
True
Is 6055783 a multiple of 14?
False
Does 214 divide 41751504?
False
Does 88 divide 3711890?
False
Is 1678 a factor of 238973670?
False
Is 376 a factor of 495348837?
False
Does 60 divide 96390131?
False
Does 16 divide 29234522?
False
Is 7618 a factor of 679410704?
False
Is 113993984 a multiple of 52?
True
Is 2810 a factor of 1502815961?
False
Is 704414435 a multiple of 238?
False
Is 3933582 a multiple of 219?
False
Does 209 divide 188943315?
True
Does 227 divide 5702921?
True
Is 124 a factor of 43428396?
True
Is 163961855 a multiple of 85?
True
Is 109 a factor of 351445301?
False
Does 2193 divide 2152569852?
True
Does 1128 divide 740782416?
True
Is 1443 a factor of 22635549?
False
Is 34734646 a multiple of 197?
True
Does 3281 divide 209667512?
False
Is 468258600 a multiple of 150?
True
Does 5 divide 12530998?
False
Is 19 a factor of 239708702?
False
Is 103 a factor of 176617234?
False
Is 34168539 a multiple of 41?
True
Is 127 a factor of 601229941?
False
Is 16790335 a multiple of 1708?
False
Does 68 divide 29400668?
False
Is 44 a factor of 750994534?
False
Is 616 a factor of 146745526?
False
Is 19213982 a multiple of 13?
False
Does 340 divide 13762234?
False
Does 2118 divide 17594678?
False
Is 9 a factor of 42642085?
False
Is 23655114 a multiple of 2337?
True
Is 102472574 a multiple of 2153?
False
Does 5 divide 130698993?
False
Is 272 a factor of 11399691?
False
Does 3 divide 30473453?
False
Does 9 divide 130537215?
True
Is 2 a factor of 815720243?
False
Is 1817 a factor of 2060934067?
True
Is 42655307 a multiple of 298?
False
Is 631 a factor of 6252859503?
False
Is 117 a factor of 34054594?
False
Is 10520591 a multiple of 667?
True
Is 291536977 a multiple of 2441?
False
Is 361 a factor of 3627304?
False
Is 15026 a multiple of 1166?
False
Is 85 a factor of 1095816396?
False
Is 3697420 a multiple of 129?
False
Does 1529 divide 87523018?
True
Is 646199480 a multiple of 40?
True
Is 11 a factor of 13539817?
False
Does 21 divide 36688554?
True
Is 8238534 a multiple of 93?
False
Does 6 divide 15907566?
True
Is 961 a factor of 1277